is divided by 1302.
9
What is the remainder when 15567642 is divided by 88?
2
What is the remainder when 127756061 is divided by 1082?
1075
Calculate the remainder when 242132845 is divided by 138.
115
Calculate the remainder when 16821792 is divided by 71582.
22
Calculate the remainder when 222152 is divided by 110386.
1380
What is the remainder when 503550 is divided by 118?
44
Calculate the remainder when 300340 is divided by 7898.
216
Calculate the remainder when 88265919 is divided by 808.
807
What is the remainder when 4362681 is divided by 58955?
11
What is the remainder when 48239 is divided by 144?
143
Calculate the remainder when 584383790 is divided by 3361.
3359
What is the remainder when 4846 is divided by 4839?
7
What is the remainder when 1004880 is divided by 502321?
238
Calculate the remainder when 48732 is divided by 4041.
240
Calculate the remainder when 18415734 is divided by 3623.
25
What is the remainder when 304720 is divided by 1711?
162
Calculate the remainder when 17165233 is divided by 1016.
929
Calculate the remainder when 5852865 is divided by 47974.
37
Calculate the remainder when 17619 is divided by 1890.
609
Calculate the remainder when 545743 is divided by 144.
127
Calculate the remainder when 16944060 is divided by 4236012.
12
What is the remainder when 908576 is divided by 979?
64
What is the remainder when 2385755 is divided by 881?
7
Calculate the remainder when 1090526 is divided by 108.
50
Calculate the remainder when 6771332 is divided by 143.
139
Calculate the remainder when 53990 is divided by 15840.
6470
What is the remainder when 10135058 is divided by 65?
63
Calculate the remainder when 1686160 is divided by 551.
100
Calculate the remainder when 38164139 is divided by 630.
629
Calculate the remainder when 728794 is divided by 138.
16
What is the remainder when 5872271 is divided by 112?
111
What is the remainder when 19188778 is divided by 1599061?
46
What is the remainder when 319970278 is divided by 22?
12
What is the remainder when 1916601 is divided by 2081?
0
Calculate the remainder when 74434 is divided by 18509.
398
Calculate the remainder when 169022 is divided by 15365.
7
Calculate the remainder when 346252 is divided by 68844.
2032
What is the remainder when 5585192 is divided by 427?
32
Calculate the remainder when 62919184 is divided by 56.
48
Calculate the remainder when 219887998 is divided by 1114.
1108
Calculate the remainder when 5336607 is divided by 2659.
2653
What is the remainder when 174245060 is divided by 58081679?
23
Calculate the remainder when 146585 is divided by 317.
131
Calculate the remainder when 4923860 is divided by 105.
95
Calculate the remainder when 10270557 is divided by 60.
57
Calculate the remainder when 769712 is divided by 192359.
276
Calculate the remainder when 34266 is divided by 2838.
210
What is the remainder when 18350928 is divided by 65?
63
Calculate the remainder when 190734613 is divided by 45.
43
What is the remainder when 3688026 is divided by 421?
66
What is the remainder when 15160 is divided by 7283?
594
What is the remainder when 98888 is divided by 9654?
2348
Calculate the remainder when 959819 is divided by 106613.
302
What is the remainder when 14684959 is divided by 40?
39
What is the remainder when 81209055 is divided by 488?
487
Calculate the remainder when 5877043 is divided by 1958892.
367
What is the remainder when 10527261 is divided by 5978?
3
Calculate the remainder when 760190 is divided by 6.
2
Calculate the remainder when 25339 is divided by 626.
299
Calculate the remainder when 1774490 is divided by 2933.
25
What is the remainder when 28469684 is divided by 874?
8
Calculate the remainder when 82603 is divided by 17746.
11619
What is the remainder when 160979 is divided by 184?
163
Calculate the remainder when 23776613 is divided by 1909.
18
What is the remainder when 7500397 is divided by 73533?
31
Calculate the remainder when 894768 is divided by 730.
518
Calculate the remainder when 416852 is divided by 1250.
602
Calculate the remainder when 285863 is divided by 39.
32
What is the remainder when 486868 is divided by 4957?
1082
Calculate the remainder when 48493 is divided by 645.
118
Calculate the remainder when 339099 is divided by 56409.
645
What is the remainder when 107288 is divided by 5170?
3888
What is the remainder when 5113 is divided by 1298?
1219
Calculate the remainder when 1523645277 is divided by 13.
11
What is the remainder when 16623564 is divided by 87?
39
Calculate the remainder when 1605416 is divided by 4054.
32
What is the remainder when 17841965 is divided by 13?
11
What is the remainder when 647260 is divided by 198?
196
Calculate the remainder when 78641 is divided by 38338.
1965
What is the remainder when 276947 is divided by 270?
197
Calculate the remainder when 4767366 is divided by 1589109.
39
Calculate the remainder when 158025848 is divided by 397.
395
Calculate the remainder when 1338704 is divided by 167338.
0
What is the remainder when 8411250 is divided by 260?
250
What is the remainder when 1273403 is divided by 840?
803
Calculate the remainder when 2299864 is divided by 689.
671
What is the remainder when 11168190 is divided by 367?
13
What is the remainder when 634490684 is divided by 101?
99
Calculate the remainder when 282517 is divided by 94104.
205
What is the remainder when 310573 is divided by 309621?
952
What is the remainder when 49931 is divided by 1187?
77
Calculate the remainder when 221612 is divided by 55113.
1160
Calculate the remainder when 93678 is divided by 30455.
2313
What is the remainder when 234240 is divided by 11148?
132
What is the remainder when 54140 is divided by 17765?
845
What is the remainder when 400486 is divided by 982?
812
Calculate the remainder when 684115 is divided by 20121.
1
Calculate the remainder when 2593319 is divided by 495.
14
What is the remainder when 9074558 is divided by 99720?
38
What is the remainder when 237150 is divided by 23477?
2380
Calculate the remainder when 4255560 is divided by 82.
6
What is the remainder when 74518 is divided by 37257?
4
What is the remainder when 1889263 is divided by 261?
145
Calculate the remainder when 645796 is divided by 77.
74
What is the remainder when 12110734 is divided by 40640?
14
Calculate the remainder when 1409154 is divided by 21.
12
What is the remainder when 1398747 is divided by 279734?
77
Calculate the remainder when 184359463 is divided by 45.
43
Calculate the remainder when 90265 is divided by 3217.
189
Calculate the remainder when 112633 is divided by 5308.
1165
Calculate the remainder when 2100411 is divided by 190946.
5
Calculate the remainder when 10684997 is divided by 890378.
461
Calculate the remainder when 65473 is divided by 3173.
2013
Calculate the remainder when 1489027 is divided by 744318.
391
Calculate the remainder when 68995844 is divided by 139.
136
Calculate the remainder when 24573637 is divided by 2233966.
11
Calculate the remainder when 52208 is divided by 51721.
487
Calculate the remainder when 73102 is divided by 690.
652
Calculate the remainder when 497481 is divided by 935.
61
What is the remainder when 1265050 is divided by 4633?
241
Calculate the remainder when 145464129 is divided by 66.
63
What is the remainder when 38409512 is divided by 377?
375
What is the remainder when 33674222 is divided by 16837108?
6
What is the remainder when 566316 is divided by 822?
780
What is the remainder when 321814 is divided by 2220?
2134
Calculate the remainder when 3146101 is divided by 524299.
307
Calculate the remainder when 420038 is divided by 104933.
306
What is the remainder when 66452429 is divided by 1413881?
22
Calculate the remainder when 72879 is divided by 239.
223
Calculate the remainder when 736152 is divided by 76.
16
What is the remainder when 1173973 is divided by 1283?
28
Calculate the remainder when 1290053 is divided by 1115.
1113
What is the remainder when 240689 is divided by 2846?
1625
Calculate the remainder when 891217 is divided by 37118.
385
What is the remainder when 147145146 is divided by 203?
190
Calculate the remainder when 153683 is divided by 19199.
91
Calculate the remainder when 59151709 is divided by 4790.
4789
Calculate the remaind